{"id":71,"date":"2026-02-14T16:46:31","date_gmt":"2026-02-14T16:46:31","guid":{"rendered":"https:\/\/eduambiental.nuvoll.com\/?page_id=71"},"modified":"2026-04-06T13:22:32","modified_gmt":"2026-04-06T13:22:32","slug":"participacion-ciudadana","status":"publish","type":"page","link":"https:\/\/eduambientalcorpochivor.gov.co\/index.php\/participacion-ciudadana\/","title":{"rendered":"PARTICIPACI\u00d3N CIUDADANA"},"content":{"rendered":"\n<div class=\"wp-block-media-text has-media-on-the-right is-stacked-on-mobile\"><div class=\"wp-block-media-text__content\">\n<p>La participaci\u00f3n ciudadana, pretende generar espacios participativos y de articulaci\u00f3n entre los diferentes proyectos de la corporaci\u00f3n y las comunidades; diagnosticando problem\u00e1ticas ambientales puntuales de cada comunidad y de esta forma dar a conocer los servicios que ofrece Corpochivor desde cada uno de los proyectos. Adicionalmente busca involucrar una poblaci\u00f3n de ni\u00f1os y j\u00f3venes donde a trav\u00e9s de estrategias de l\u00fadica ambiental que generen participaci\u00f3n y&nbsp; sensibilizaci\u00f3n en la protecci\u00f3n de los recursos naturales, convirti\u00e9ndolos en amigos, l\u00edderes y protectores del ambiente.<\/p>\n\n\n\n<ul class=\"wp-block-list\">\n<li><a href=\"https:\/\/eduambiental.nuvoll.com\/wp-content\/uploads\/2026\/02\/Plan-de-Educacion-Ambiental-2025.pdf\" data-type=\"link\" data-id=\"https:\/\/eduambiental.nuvoll.com\/wp-content\/uploads\/2026\/02\/Plan-de-Educacion-Ambiental-2025.pdf\" target=\"_blank\" rel=\"noreferrer noopener\"><mark style=\"background-color:rgba(0, 0, 0, 0)\" class=\"has-inline-color has-theme-palette-1-color\">Plan de participaci\u00f3n ciudadana 2025<\/mark><\/a><\/li>\n<\/ul>\n\n\n\n<div class=\"wp-block-buttons is-content-justification-center is-layout-flex wp-container-core-buttons-is-layout-16018d1d wp-block-buttons-is-layout-flex\">\n<div class=\"wp-block-button\"><a class=\"wp-block-button__link has-text-align-center wp-element-button\" href=\"https:\/\/docs.google.com\/forms\/d\/e\/1FAIpQLSeXbPysCo65t8UceKi5Y6LSbhiycokx7HJ_MKqkFtcaz96vAA\/viewform\" target=\"_blank\" rel=\"noreferrer noopener\">Formulario de registro de observaci\u00f3n<\/a><\/div>\n<\/div>\n<\/div><figure class=\"wp-block-media-text__media\"><img loading=\"lazy\" decoding=\"async\" width=\"1024\" height=\"671\" src=\"https:\/\/eduambiental.nuvoll.com\/wp-content\/uploads\/2026\/02\/Participacion-1024x671.jpg\" alt=\"Participaci\u00f3n\" class=\"wp-image-156 size-full\" srcset=\"https:\/\/eduambientalcorpochivor.gov.co\/wp-content\/uploads\/2026\/02\/Participacion-1024x671.jpg 1024w, https:\/\/eduambientalcorpochivor.gov.co\/wp-content\/uploads\/2026\/02\/Participacion-300x197.jpg 300w, https:\/\/eduambientalcorpochivor.gov.co\/wp-content\/uploads\/2026\/02\/Participacion-768x503.jpg 768w, https:\/\/eduambientalcorpochivor.gov.co\/wp-content\/uploads\/2026\/02\/Participacion.jpg 1280w\" sizes=\"auto, (max-width: 1024px) 100vw, 1024px\" \/><\/figure><\/div>\n\n\n\n<hr class=\"wp-block-separator has-alpha-channel-opacity is-style-wide\"\/>\n\n\n\n<p><\/p>\n\n\n\n<div class=\"wp-block-media-text is-stacked-on-mobile\"><figure class=\"wp-block-media-text__media\"><a href=\"https:\/\/eduambientalcorpochivor.gov.co\/wp-content\/uploads\/2026\/04\/PLAN-ANUAL-DE-EDUCACION-AMBIENTAL-2026-V2.pdf\" target=\"_blank\" rel=\" Haz clic en la imagen para conocer nuestro plan\"><img loading=\"lazy\" decoding=\"async\" width=\"726\" height=\"1024\" src=\"https:\/\/eduambientalcorpochivor.gov.co\/wp-content\/uploads\/2026\/03\/Portal-Educacion-Ambiental-726x1024.jpg\" alt=\"Portal Educaci\u00f3n Ambiental -Participaci\u00f3n Ciudadana \" class=\"wp-image-706 size-full\" srcset=\"https:\/\/eduambientalcorpochivor.gov.co\/wp-content\/uploads\/2026\/03\/Portal-Educacion-Ambiental-726x1024.jpg 726w, https:\/\/eduambientalcorpochivor.gov.co\/wp-content\/uploads\/2026\/03\/Portal-Educacion-Ambiental-213x300.jpg 213w, https:\/\/eduambientalcorpochivor.gov.co\/wp-content\/uploads\/2026\/03\/Portal-Educacion-Ambiental-768x1083.jpg 768w, https:\/\/eduambientalcorpochivor.gov.co\/wp-content\/uploads\/2026\/03\/Portal-Educacion-Ambiental.jpg 1080w\" sizes=\"auto, (max-width: 726px) 100vw, 726px\" \/><\/a><\/figure><div class=\"wp-block-media-text__content\">\n<h3 class=\"wp-block-heading has-text-align-center\"><mark style=\"background-color:rgba(0, 0, 0, 0)\" class=\"has-inline-color has-theme-palette-2-color\">Conoce Nuestro Plan y Participa a trav\u00e9s del portal<\/mark><\/h3>\n\n\n\n<p><strong>Hasta el 29 de marzo de 2026<\/strong><br><br>Tu opini\u00f3n es clave para fortalecer la educaci\u00f3n ambiental en nuestra regi\u00f3n.<br><br>Comp\u00e1rtenos tus ideas, propuestas y recomendaciones para fortalecer el Plan Anual de Educaci\u00f3n Ambiental y Participaci\u00f3n Ciudadana.<\/p>\n\n\n\n<p class=\"has-text-align-left\"><a href=\"https:\/\/eduambientalcorpochivor.gov.co\/wp-content\/uploads\/2026\/04\/PLAN-ANUAL-DE-EDUCACION-AMBIENTAL-2026-V2.pdf\" data-type=\"link\" data-id=\"https:\/\/eduambientalcorpochivor.gov.co\/wp-content\/uploads\/2026\/04\/PLAN-ANUAL-DE-EDUCACION-AMBIENTAL-2026-V2.pdf\" target=\"_blank\" rel=\"noreferrer noopener\">Haz clic aqu\u00ed o en la imagen para conocer nuestro plan<\/a>.<br><br><strong>\u00bfC\u00f3mo participar?<\/strong><\/p>\n\n\n\n<p>      \u25cf Puedes participar con tus datos o de forma an\u00f3nima<br>      \u25cf Escribe tus ideas, propuestas o necesidades<br>      \u25cf Tus aportes ser\u00e1n tenidos en cuenta en el Plan Anual de    Educaci\u00f3n Ambiental y Participaci\u00f3n Ciudadana.<br><br><strong>Canal alterno<\/strong><br><a href=\"mailto:participacionciudadana@coprochivor.gov.co\">participacionciudadana@coprochivor.gov.co<\/a><br><\/p>\n\n\n\n<h3 class=\"wp-block-heading alignwide has-text-align-center\">      <mark style=\"background-color:rgba(0, 0, 0, 0)\" class=\"has-inline-color has-theme-palette-2-color\"><a href=\"https:\/\/forms.gle\/fT9pQBLP8s4SS2tF8\" data-type=\"link\" data-id=\"https:\/\/forms.gle\/fT9pQBLP8s4SS2tF8\" target=\"_blank\" rel=\"noreferrer noopener\">Participa haciendo clic aqu\u00ed, \u00a1Tu voz construye regi\u00f3n!<\/a><\/mark><\/h3>\n<\/div><\/div>\n\n\n\n<figure class=\"wp-block-gallery has-nested-images columns-default is-cropped wp-block-gallery-1 is-layout-flex wp-block-gallery-is-layout-flex\">\n<figure class=\"wp-block-image size-large\"><img loading=\"lazy\" decoding=\"async\" width=\"1024\" height=\"175\" data-id=\"128\" src=\"https:\/\/eduambientalcorpochivor.gov.co\/wp-content\/uploads\/2026\/02\/1-Cenefa-WEB-1-1024x175.png\" alt=\"\" class=\"wp-image-128\" srcset=\"https:\/\/eduambientalcorpochivor.gov.co\/wp-content\/uploads\/2026\/02\/1-Cenefa-WEB-1-1024x175.png 1024w, https:\/\/eduambientalcorpochivor.gov.co\/wp-content\/uploads\/2026\/02\/1-Cenefa-WEB-1-300x51.png 300w, https:\/\/eduambientalcorpochivor.gov.co\/wp-content\/uploads\/2026\/02\/1-Cenefa-WEB-1-768x132.png 768w, https:\/\/eduambientalcorpochivor.gov.co\/wp-content\/uploads\/2026\/02\/1-Cenefa-WEB-1-1536x263.png 1536w, https:\/\/eduambientalcorpochivor.gov.co\/wp-content\/uploads\/2026\/02\/1-Cenefa-WEB-1-2048x351.png 2048w\" sizes=\"auto, (max-width: 1024px) 100vw, 1024px\" \/><\/figure>\n<\/figure>\n","protected":false},"excerpt":{"rendered":"<p>Conoce Nuestro Plan y Participa a trav\u00e9s del portal Hasta el 29 de marzo de 2026 Tu opini\u00f3n es clave para fortalecer la educaci\u00f3n ambiental en nuestra regi\u00f3n. Comp\u00e1rtenos tus ideas, propuestas y recomendaciones para fortalecer el Plan Anual de Educaci\u00f3n Ambiental y Participaci\u00f3n Ciudadana. Haz clic aqu\u00ed o en la imagen para conocer nuestro&#8230;<\/p>\n","protected":false},"author":1,"featured_media":0,"parent":0,"menu_order":0,"comment_status":"closed","ping_status":"closed","template":"","meta":{"_kadence_starter_templates_imported_post":false,"_kad_post_transparent":"","_kad_post_title":"show","_kad_post_layout":"normal","_kad_post_sidebar_id":"","_kad_post_content_style":"","_kad_post_vertical_padding":"","_kad_post_feature":"","_kad_post_feature_position":"","_kad_post_header":false,"_kad_post_footer":false,"_kad_post_classname":"","footnotes":""},"class_list":["post-71","page","type-page","status-publish","hentry"],"_links":{"self":[{"href":"https:\/\/eduambientalcorpochivor.gov.co\/index.php\/wp-json\/wp\/v2\/pages\/71","targetHints":{"allow":["GET"]}}],"collection":[{"href":"https:\/\/eduambientalcorpochivor.gov.co\/index.php\/wp-json\/wp\/v2\/pages"}],"about":[{"href":"https:\/\/eduambientalcorpochivor.gov.co\/index.php\/wp-json\/wp\/v2\/types\/page"}],"author":[{"embeddable":true,"href":"https:\/\/eduambientalcorpochivor.gov.co\/index.php\/wp-json\/wp\/v2\/users\/1"}],"replies":[{"embeddable":true,"href":"https:\/\/eduambientalcorpochivor.gov.co\/index.php\/wp-json\/wp\/v2\/comments?post=71"}],"version-history":[{"count":20,"href":"https:\/\/eduambientalcorpochivor.gov.co\/index.php\/wp-json\/wp\/v2\/pages\/71\/revisions"}],"predecessor-version":[{"id":728,"href":"https:\/\/eduambientalcorpochivor.gov.co\/index.php\/wp-json\/wp\/v2\/pages\/71\/revisions\/728"}],"wp:attachment":[{"href":"https:\/\/eduambientalcorpochivor.gov.co\/index.php\/wp-json\/wp\/v2\/media?parent=71"}],"curies":[{"name":"wp","href":"https:\/\/api.w.org\/{rel}","templated":true}]}}