{"id":94,"date":"2026-02-14T16:54:09","date_gmt":"2026-02-14T16:54:09","guid":{"rendered":"https:\/\/eduambiental.nuvoll.com\/?page_id=94"},"modified":"2026-02-20T03:18:36","modified_gmt":"2026-02-20T03:18:36","slug":"corpochivatos","status":"publish","type":"page","link":"https:\/\/eduambientalcorpochivor.gov.co\/index.php\/corpochivatos\/","title":{"rendered":"CLUBES CORPOCHIVATOS"},"content":{"rendered":"\n<div class=\"wp-block-group\"><div class=\"wp-block-group__inner-container is-layout-constrained wp-block-group-is-layout-constrained\">\n<div class=\"wp-block-columns is-layout-flex wp-container-core-columns-is-layout-9d6595d7 wp-block-columns-is-layout-flex\">\n<div class=\"wp-block-column is-vertically-aligned-center is-layout-flow wp-block-column-is-layout-flow\">\n<p>Los clubes CorpoChivatos son grupos de ni\u00f1os y ni\u00f1as, que trabajan durante el a\u00f1o escolar, con un docente asesor, para la consolidaci\u00f3n y puesta en marcha de los Proyectos Ambientales en m\u00faltiples tem\u00e1ticas, como es la protecci\u00f3n del recurso h\u00eddrico, manejo responsable de los residuos s\u00f3lidos, \u00a0prevenci\u00f3n de desastres naturales, \u00a0agricultura sostenible o la conservaci\u00f3n de los diferentes ecosistemas.<\/p>\n\n\n\n<style>\n.botones-azules{\n  display: flex;\n  flex-direction: column;\n  gap: 20px;\n  margin: 40px 0;\n}\n\n.btn-azul{\n  display: inline-block;\n  padding: 16px 30px;\n  border: 2px solid #2E86DE;\n  border-radius: 6px;\n  text-decoration: none;\n  color: #2E86DE;\n  font-size: 18px;\n  letter-spacing: .08em;\n  font-weight: 500;\n  background: #ffffff;\n  transition: all .25s ease;\n  width: fit-content;\n}\n\n\/* Hover *\/\n.btn-azul:hover{\n  background: #2E86DE;\n  color: #ffffff;\n}\n<\/style>\n\n<div class=\"botones-azules\">\n\n  <a href=\"https:\/\/eduambiental.nuvoll.com\/wp-content\/uploads\/2026\/02\/Reglamento-Clubes-CORPOCHIVATOS-2019.pdf\"\n     class=\"btn-azul\"\n     target=\"_blank\"\n     rel=\"noopener noreferrer\">\n    REGLAMENTO CLUBES CORPOCHIVATOS\n  <\/a>\n\n  <a href=\"https:\/\/eduambiental.nuvoll.com\/wp-content\/uploads\/2026\/02\/Inscripcion-CORPOCHIVATOS-2019.xlsx\"\n     class=\"btn-azul\"\n     target=\"_blank\"\n     rel=\"noopener noreferrer\">\n    FORMULARIO DE INSCRIPCI\u00d3N CLUBES CORPOCHIVATOS\n  <\/a>\n\n<\/div>\n<\/div>\n\n\n\n<div class=\"wp-block-column is-layout-flow wp-block-column-is-layout-flow\"><div class=\"wp-block-image\">\n<figure class=\"aligncenter size-full is-resized\"><img loading=\"lazy\" decoding=\"async\" width=\"497\" height=\"583\" src=\"https:\/\/eduambiental.nuvoll.com\/wp-content\/uploads\/2026\/02\/chivatos2.png\" alt=\"Logo Chivatos\" class=\"wp-image-526\" style=\"width:357px;height:auto\" srcset=\"https:\/\/eduambientalcorpochivor.gov.co\/wp-content\/uploads\/2026\/02\/chivatos2.png 497w, https:\/\/eduambientalcorpochivor.gov.co\/wp-content\/uploads\/2026\/02\/chivatos2-256x300.png 256w\" sizes=\"auto, (max-width: 497px) 100vw, 497px\" \/><\/figure>\n<\/div><\/div>\n<\/div>\n<\/div><\/div>\n","protected":false},"excerpt":{"rendered":"<p>Los clubes CorpoChivatos son grupos de ni\u00f1os y ni\u00f1as, que trabajan durante el a\u00f1o escolar, con un docente asesor, para la consolidaci\u00f3n y puesta en marcha de los Proyectos Ambientales en m\u00faltiples tem\u00e1ticas, como es la protecci\u00f3n del recurso h\u00eddrico, manejo responsable de los residuos s\u00f3lidos, \u00a0prevenci\u00f3n de desastres naturales, \u00a0agricultura sostenible o la conservaci\u00f3n&#8230;<\/p>\n","protected":false},"author":1,"featured_media":0,"parent":0,"menu_order":0,"comment_status":"closed","ping_status":"closed","template":"","meta":{"_kadence_starter_templates_imported_post":false,"_kad_post_transparent":"","_kad_post_title":"","_kad_post_layout":"normal","_kad_post_sidebar_id":"","_kad_post_content_style":"","_kad_post_vertical_padding":"","_kad_post_feature":"","_kad_post_feature_position":"","_kad_post_header":false,"_kad_post_footer":false,"_kad_post_classname":"","footnotes":""},"class_list":["post-94","page","type-page","status-publish","hentry"],"_links":{"self":[{"href":"https:\/\/eduambientalcorpochivor.gov.co\/index.php\/wp-json\/wp\/v2\/pages\/94","targetHints":{"allow":["GET"]}}],"collection":[{"href":"https:\/\/eduambientalcorpochivor.gov.co\/index.php\/wp-json\/wp\/v2\/pages"}],"about":[{"href":"https:\/\/eduambientalcorpochivor.gov.co\/index.php\/wp-json\/wp\/v2\/types\/page"}],"author":[{"embeddable":true,"href":"https:\/\/eduambientalcorpochivor.gov.co\/index.php\/wp-json\/wp\/v2\/users\/1"}],"replies":[{"embeddable":true,"href":"https:\/\/eduambientalcorpochivor.gov.co\/index.php\/wp-json\/wp\/v2\/comments?post=94"}],"version-history":[{"count":4,"href":"https:\/\/eduambientalcorpochivor.gov.co\/index.php\/wp-json\/wp\/v2\/pages\/94\/revisions"}],"predecessor-version":[{"id":530,"href":"https:\/\/eduambientalcorpochivor.gov.co\/index.php\/wp-json\/wp\/v2\/pages\/94\/revisions\/530"}],"wp:attachment":[{"href":"https:\/\/eduambientalcorpochivor.gov.co\/index.php\/wp-json\/wp\/v2\/media?parent=94"}],"curies":[{"name":"wp","href":"https:\/\/api.w.org\/{rel}","templated":true}]}}