{"id":95,"date":"2026-02-14T16:54:09","date_gmt":"2026-02-14T16:54:09","guid":{"rendered":"https:\/\/eduambiental.nuvoll.com\/?page_id=95"},"modified":"2026-02-19T03:37:56","modified_gmt":"2026-02-19T03:37:56","slug":"jovenes-de-ambiente","status":"publish","type":"page","link":"https:\/\/eduambientalcorpochivor.gov.co\/index.php\/jovenes-de-ambiente\/","title":{"rendered":"JOVENES DE AMBIENTE"},"content":{"rendered":"\n<div class=\"wp-block-columns is-layout-flex wp-container-core-columns-is-layout-9d6595d7 wp-block-columns-is-layout-flex\">\n<div class=\"wp-block-column is-vertically-aligned-center is-layout-flow wp-block-column-is-layout-flow\" style=\"flex-basis:33.33%\">\n<p>Los j\u00f3venes de ambiente son una red de l\u00edderes ambientales entre los 14 y 28 a\u00f1os de edad que apoyan y lideran estrategias de educaci\u00f3n y sensibilizaci\u00f3n ambiental en el Suroriente de Boyac\u00e1. Este grupo de l\u00edderes ambientales trabaja de la mano con la red departamental de j\u00f3venes de ambiente de Boyac\u00e1.<\/p>\n<\/div>\n\n\n\n<div class=\"wp-block-column is-layout-flow wp-block-column-is-layout-flow\" style=\"flex-basis:66.66%\">\n<figure class=\"wp-block-image size-full\"><img loading=\"lazy\" decoding=\"async\" width=\"800\" height=\"538\" src=\"https:\/\/eduambiental.nuvoll.com\/wp-content\/uploads\/2026\/02\/asamblea-jovenes-de-ambiente2.png\" alt=\"\" class=\"wp-image-419\" srcset=\"https:\/\/eduambientalcorpochivor.gov.co\/wp-content\/uploads\/2026\/02\/asamblea-jovenes-de-ambiente2.png 800w, https:\/\/eduambientalcorpochivor.gov.co\/wp-content\/uploads\/2026\/02\/asamblea-jovenes-de-ambiente2-300x202.png 300w, https:\/\/eduambientalcorpochivor.gov.co\/wp-content\/uploads\/2026\/02\/asamblea-jovenes-de-ambiente2-768x516.png 768w\" sizes=\"auto, (max-width: 800px) 100vw, 800px\" \/><\/figure>\n<\/div>\n<\/div>\n\n\n\n<p><\/p>\n","protected":false},"excerpt":{"rendered":"<p>Los j\u00f3venes de ambiente son una red de l\u00edderes ambientales entre los 14 y 28 a\u00f1os de edad que apoyan y lideran estrategias de educaci\u00f3n y sensibilizaci\u00f3n ambiental en el Suroriente de Boyac\u00e1. Este grupo de l\u00edderes ambientales trabaja de la mano con la red departamental de j\u00f3venes de ambiente de Boyac\u00e1.<\/p>\n","protected":false},"author":1,"featured_media":0,"parent":0,"menu_order":0,"comment_status":"closed","ping_status":"closed","template":"","meta":{"_kadence_starter_templates_imported_post":false,"_kad_post_transparent":"","_kad_post_title":"","_kad_post_layout":"normal","_kad_post_sidebar_id":"","_kad_post_content_style":"","_kad_post_vertical_padding":"","_kad_post_feature":"","_kad_post_feature_position":"","_kad_post_header":false,"_kad_post_footer":false,"_kad_post_classname":"","footnotes":"[]"},"class_list":["post-95","page","type-page","status-publish","hentry"],"_links":{"self":[{"href":"https:\/\/eduambientalcorpochivor.gov.co\/index.php\/wp-json\/wp\/v2\/pages\/95","targetHints":{"allow":["GET"]}}],"collection":[{"href":"https:\/\/eduambientalcorpochivor.gov.co\/index.php\/wp-json\/wp\/v2\/pages"}],"about":[{"href":"https:\/\/eduambientalcorpochivor.gov.co\/index.php\/wp-json\/wp\/v2\/types\/page"}],"author":[{"embeddable":true,"href":"https:\/\/eduambientalcorpochivor.gov.co\/index.php\/wp-json\/wp\/v2\/users\/1"}],"replies":[{"embeddable":true,"href":"https:\/\/eduambientalcorpochivor.gov.co\/index.php\/wp-json\/wp\/v2\/comments?post=95"}],"version-history":[{"count":3,"href":"https:\/\/eduambientalcorpochivor.gov.co\/index.php\/wp-json\/wp\/v2\/pages\/95\/revisions"}],"predecessor-version":[{"id":420,"href":"https:\/\/eduambientalcorpochivor.gov.co\/index.php\/wp-json\/wp\/v2\/pages\/95\/revisions\/420"}],"wp:attachment":[{"href":"https:\/\/eduambientalcorpochivor.gov.co\/index.php\/wp-json\/wp\/v2\/media?parent=95"}],"curies":[{"name":"wp","href":"https:\/\/api.w.org\/{rel}","templated":true}]}}